 10. Let u(a) = -6*g(a) + 5*j(a). Is u(-5) composite?
False
Suppose -3*b - 1436 = -7*b. Is b a composite number?
False
Suppose 4*h - 6*h + 322 = 0. Is h a composite number?
True
Suppose -4 = 4*q - 12. Let c be (2 - q - 1) + 4. Suppose 3*f = -3*t + t + 107, -c = -f. Is t a prime number?
False
Suppose 5*o = 2620 - 165. Is o prime?
True
Let n be (-3 - (-2)/2) + 0. Let q be (-21)/(-2) + n/4. Is ((-18)/q)/(5/(-25)) a composite number?
True
Let y be 24/(((-10)/6)/(-5)). Suppose -2*j + y = 5*q - 31, -5*q + 91 = -j. Is q a prime number?
True
Let m(n) = n**3 - 15*n**2 - 6*n + 7. Is m(16) composite?
False
Suppose 0 = 2*v - v - 2. Is (7/v)/(2/68) a prime number?
False
Is 4*(-1)/(-4)*21 prime?
False
Suppose 0 = -4*t + 4*b + 1504, 8*b - 3*b - 406 = -t. Is t a composite number?
True
Suppose 0 = 3*j + c - 7706, -6506 = -4*j + c + 3771. Is j prime?
False
Let k be (-1)/((2 + -1)/(-5)). Suppose k*x - 3*g = 27, 0 = x - 4*g - 19. Suppose -2*y = x*y - 1285. Is y prime?
True
Is (-2234)/(-6) - 28/(-42) a composite number?
False
Let m = -6 + 15. Let k = m - -28. Suppose 2*o - 39 = k. Is o a prime number?
False
Let h be 8/(-36) + (-94)/(-18). Suppose -h*d = -0*d - 775. Is d composite?
True
Suppose 4 = 2*f + 10, -3*y + 5*f = -1413. Let w = 807 - y. Is w a composite number?
True
Suppose -h - 71 = -262. Is h a composite number?
False
Let l(k) = 8*k**2 - 1. Let v be l(1). Suppose -4*o = -5*w - 341, -5*w - v - 18 = 0. Is o prime?
True
Let s(g) = 19*g. Let q = -13 - -21. Let u = -7 + q. Is s(u) a composite number?
False
Suppose 0 = -2*i + 3*p + 1969, -2416 + 454 = -2*i - 4*p. Is i prime?
True
Suppose 2*h = 2*u - 9 - 1, -2*h = 2*u - 14. Is 306 - (-3 + u)/3 prime?
False
Suppose -6*d + 3219 = 885. Is d prime?
True
Let u(t) = t + 454. Is u(0) a composite number?
True
Let g be 1*-2*(-3 + 2). Suppose -5*o = -y - 536, g*y + 0*y - 319 = -3*o. Suppose -p = 5*c + 16 - o, 3*p + 12 = 0. Is c a prime number?
True
Let w(s) = -s**3 - 2*s**2 + 0*s**2 - 3 + 2*s + 0. Let g be w(-5). Suppose 0 = -0*h + 2*h - g. Is h composite?
False
Let q(i) = 2*i**2 + 4. Let n(z) = z - 2. Let t be n(5). Is q(t) composite?
True
Suppose -828 = -4*p + 1496. Is p a prime number?
False
Let n = 4565 + -1672. Is n prime?
False
Let u be (-8 + -2)*36/10. Let b = u - -70. Let c = -13 + b. Is c a prime number?
False
Suppose 5*f = 426 + 99. Suppose -2*o + 7*o = f. Is o a composite number?
True
Suppose 0 = r - 4*r - d + 6, -6 = -3*r + d. Suppose -104 = -2*c - 2*t, r*c + 5*t + 33 - 146 = 0. Is c a prime number?
False
Let a = 14 + -8. Suppose -2*t + 46 = -a. Is t a prime number?
False
Suppose 0 = 4*r - 1183 + 11. Is r a composite number?
False
Suppose -z = -4*z + 105. Let m be (42/z)/((-3)/(-10)). Suppose m*r + 68 = 216. Is r a composite number?
False
Let a(r) = 0*r + 1 + 0*r**2 + 10*r**3 - r + 0*r**2. Is a(1) composite?
True
Suppose 12*c = 11*c + 422. Is c prime?
False
Suppose 339 = 6*d - 3*d. Is d composite?
False
Let h(j) = -23*j + 2. Let r be h(2). Let s = -58 - -35. Let q = s - r. Is q a prime number?
False
Let d(a) be the first derivative of 20*a**3/3 - a**2/2 - 3. Is d(1) composite?
False
Suppose 2 = q - 3. Suppose q*n - s - 25 = 0, -s = 4*n + s - 6. Suppose 0 = n*z + 5*k - 152, k = -0*z + 3*z - 95. Is z a prime number?
False
Let z(p) = -338*p - 1. Is z(-1) a prime number?
True
Is 2 + -2 - (-3665)/5 composite?
False
Let n = 7 - 5. Let w be -3 + (2 - (4 - n)). Let o = w + 22. Is o prime?
True
Let s(t) = 2*t + 1. Let a be s(-1). Let c(o) = -150*o**3 - 1. Is c(a) a composite number?
False
Let i = -9 - -19. Let g(o) = -o**2 + 12*o + 11. Is g(i) prime?
True
Suppose 32 = g - t, 5*g + 5*t - 6*t - 156 = 0. Is g a composite number?
False
Let m(r) be the third derivative of r**4/2 - 5*r**3/6 - 16*r**2. Let t = 11 - 4. Is m(t) composite?
False
Suppose 0 = -2*t - 2, -2*t + 402 = -4*q + 9040. Is q a composite number?
True
Let j be (-2)/(-8) - (-55)/4. Suppose -j = -10*c + 8*c. Is c a prime number?
True
Let p = 10 + -5. Let f(z) = -z**3 + 4*z**2 + 7*z + 1. Is f(p) prime?
True
Let g(x) = -462*x. Let v be g(2). Is v/(-5) - (-3)/15 a prime number?
False
Let o(w) = -15*w - 4 - 10*w + 13*w - 3. Let y be -1 + 2 + -9 + 1. Is o(y) a composite number?
True
Let u(c) = 499*c**2 - c + 1. Is u(1) a prime number?
True
Is 2 + -2 + 3 + 3 prime?
False
Suppose -3*u = 2*o + 2*o - 12626, -u + 12622 = 4*o. Is o a prime number?
False
Let a(t) = 48*t. Let n be a(-4). Let p be (-3374)/10 - (-34)/85. Let i = n - p. Is i a composite number?
True
Let l(y) = -4*y**3 + 7*y**2 + y + 24. Let s(z) = z**3 - 2*z**2 - 6. Let u(i) = -2*l(i) - 9*s(i). Let p be u(4). Is (-6)/(-12) + (-43)/p prime?
False
Is 298 + (-45)/10*2/(-3) composite?
True
Let q(i) = i**3 - 2*i**2 + i - 2. Let f be q(2). Suppose -k - 5 + 3 = f. Let t(x) = -8*x - 3. Is t(k) a composite number?
False
Suppose 5 = -r, -i + 0*r - r = -297. Is i a prime number?
False
Let k = 53 - 0. Is k prime?
True
Let s be 6/(-4)*(-3 - -1). Suppose s*j = 136 + 23. Is j prime?
True
Let a(x) = 10*x**2 + x + 4. Let b(z) = -z**2 - 4*z. Let p be b(-3). Is a(p) a composite number?
False
Let f be 2 - (-2 + 4)/(-1). Suppose -x + 36 = z + f*x, -3*z = 3*x - 168. Suppose 2*b - 4*c - z = 25, 3*b = 5*c + 134. Is b a composite number?
False
Suppose 6*u = 4*u. Suppose -5*r = 5*o - 30, -3 = -u*r - r. Is o/((-12)/(-14))*6 composite?
True
Let p be (-138)/24 + (-1)/4. Let y be p/27 - (-4)/18. Let t = 2 + y. Is t a prime number?
True
Is 85*(8/(-20) - -1) a prime number?
False
Let h(c) = -c**3 - 3*c**2 - 11*c. Let t be h(-9). Suppose 2*a - 390 = 5*v, -2*v = -3*a + 3*v + t. Suppose 6*k - k = a. Is k prime?
False
Suppose -2*t - 1665 = -3*t - 4*k, 3*t - 5050 = -k. Is t a composite number?
True
Let b(k) = 838*k**2 - 3*k - 2. Is b(-1) prime?
True
Let c be (-1)/(3/(-280 - 2)). Let r = -39 + c. Is r prime?
False
Let s = 11 - -66. Is s prime?
False
Let x = 9 + -14. Is 3 + x + 23*3 a prime number?
True
Let y(v) = -19*v - 4. Let f be y(-2). Suppose -3*u = 4*s - f, -u + 12 = 3*s - s. Is u a prime number?
False
Let u(z) = -3*z**3 - z**2 - 14*z - 7. Let k be u(-6). Let s = k - 478. Is s a composite number?
False
Let g(v) be the first derivative of 17*v**3 - v**2/2 - 3*v - 5. Is g(-5) a prime number?
True
Is 11/(((-6)/2)/(-33)) prime?
False
Let p(i) = 104*i + 3. Is p(2) a composite number?
False
Let x = -219 - -482. Is x a composite number?
False
Let o(c) = -c + 1. Let u(g) = -2*g + 3. Let a(y) = -9*o(y) + 4*u(y). Let x be a(-3). Suppose -2*f + 7*f - 70 = x. Is f prime?
False
Let i be (-3 + 1)*15/(-10). Let b(t) = -4*t - 2. Let l be b(i). Let d = 21 - l. Is d prime?
False
Let p = 11 - 5. Let g(h) = -h**3 + 6*h**2 + 9*h - 9. Let i be g(p). Suppose i - 138 = -3*o. Is o a composite number?
False
Is ((-6)/(-15) - 6/15) + 265 a composite number?
True
Suppose -150 = 2*f - 582. Suppose 2*p + w = 468, -5*w = -p + f + 29. Is p composite?
True
Is (-9)/(-3) - -4*25 a composite number?
False
Let h = 3 + -3. Suppose -3*z = -h*z - 6. Suppose -z*b + 185 = 4*l + b, -5*l + 2*b + 237 = 0. Is l a prime number?
True
Let i(o) = 4*o**2 - 1. Let v be i(-1). Let g(y) = 0 - y**v - 5*y - 3 + 2*y**2 + 2*y**3. Is g(-3) composite?
False
Let j(c) = 380*c + 97. Is j(17) a prime number?
False
Let d = 988 + -121. Let l = d - 536. Is l a prime number?
True
Let o = 592 + -6. Is o a prime number?
False
Is 1*-1*1724/(-4) a prime number?
True
Let g(o) = -o**3 + 8*o**2 + o - 5. Let f be g(8). Suppose 0*p - 252 = -3*n - f*p, 2*n = 3*p + 163. Is n prime?
True
Let u = 37 + -6. Is u a prime number?
True
Let j = -19 - -21. Suppose 0 = -j*v + 16 + 138. Is v a composite number?
True
Let f(j) = -3*j - 25. Let k be f(-10). Is (-22)/55 + 52/k a prime number?
False
Suppose 0 = -5*j + 4*s + 8, 0*s = j - 5*s - 10. Suppose -t - 3*t = j. Suppose q - 16 = -o, t*o = -o + q + 22. Is o prime?
True
Let l be (2 - 0) + 25 + -2. Let o be 15/l - 17/(-5). Is o + 12 + -2 + -1 a prime number?
True
Let f be (-1 + 4)/((-3)/8). Let u = 23 - f. Is u prime?
True
Let t be ((-8)/(-6))/((-1)/(-3)). Let c be ((-6)/t)/((-3)/4). Suppose 10*g = 5*g, -g = -c*k + 98. Is k composite?
True
Let m = 11 + -6. Suppose m*n - s = 473, -205 = -4*n + 3*s + 169. Is n a composite number?
True
Let p(u) = 47*u + 42. Is p(13) a composite number?
False
Suppose 3*u = -101 + 515. Let h = u - 44. Suppose 10 = -4*f + h. Is f composite?
True
Let